emainder when 2326 is divided by 632.
430
What is the remainder when 333 is divided by 13?
8
Calculate the remainder when 22719 is divided by 41.
5
Calculate the remainder when 1165 is divided by 325.
190
Calculate the remainder when 9314 is divided by 669.
617
What is the remainder when 1784 is divided by 1055?
729
What is the remainder when 172299 is divided by 100?
99
Calculate the remainder when 17603 is divided by 1352.
27
Calculate the remainder when 97998 is divided by 1440.
78
What is the remainder when 17562 is divided by 1491?
1161
What is the remainder when 136342 is divided by 89?
83
Calculate the remainder when 1431 is divided by 133.
101
What is the remainder when 13029 is divided by 16?
5
Calculate the remainder when 189975 is divided by 92.
87
Calculate the remainder when 33930 is divided by 6784.
10
Calculate the remainder when 801877 is divided by 11.
10
What is the remainder when 41899 is divided by 36?
31
Calculate the remainder when 1287735 is divided by 21.
15
What is the remainder when 11135 is divided by 219?
185
What is the remainder when 39847 is divided by 505?
457
Calculate the remainder when 77795 is divided by 915.
20
Calculate the remainder when 16393 is divided by 5426.
115
Calculate the remainder when 6347 is divided by 70.
47
What is the remainder when 13426 is divided by 134?
26
What is the remainder when 3205 is divided by 399?
13
What is the remainder when 18521 is divided by 9187?
147
Calculate the remainder when 30389 is divided by 107.
1
Calculate the remainder when 58301 is divided by 97.
4
Calculate the remainder when 3795 is divided by 56.
43
Calculate the remainder when 29684 is divided by 14819.
46
What is the remainder when 18848 is divided by 189?
137
Calculate the remainder when 708429 is divided by 195.
189
What is the remainder when 4210 is divided by 114?
106
What is the remainder when 45170 is divided by 9032?
10
What is the remainder when 69371 is divided by 139?
10
What is the remainder when 1549468 is divided by 130?
128
Calculate the remainder when 3728 is divided by 422.
352
Calculate the remainder when 93833 is divided by 54.
35
What is the remainder when 297368 is divided by 1525?
1518
Calculate the remainder when 6303 is divided by 619.
113
What is the remainder when 31296 is divided by 145?
121
What is the remainder when 993186 is divided by 70941?
12
Calculate the remainder when 194988 is divided by 10832.
12
Calculate the remainder when 4825 is divided by 46.
41
What is the remainder when 1680 is divided by 126?
42
What is the remainder when 2618 is divided by 213?
62
Calculate the remainder when 15353 is divided by 165.
8
Calculate the remainder when 258593 is divided by 9235.
13
Calculate the remainder when 22436 is divided by 170.
166
Calculate the remainder when 87367 is divided by 6715.
72
What is the remainder when 28889 is divided by 167?
165
What is the remainder when 452226 is divided by 559?
554
What is the remainder when 15870 is divided by 481?
478
What is the remainder when 1675 is divided by 334?
5
Calculate the remainder when 386917 is divided by 48.
37
What is the remainder when 488256 is divided by 1050?
6
Calculate the remainder when 49047 is divided by 16321.
84
Calculate the remainder when 442123 is divided by 906.
901
Calculate the remainder when 937307 is divided by 10.
7
What is the remainder when 213790 is divided by 544?
542
What is the remainder when 2855 is divided by 2005?
850
Calculate the remainder when 4445 is divided by 300.
245
What is the remainder when 66932 is divided by 374?
360
What is the remainder when 4967 is divided by 739?
533
Calculate the remainder when 134865 is divided by 14984.
9
What is the remainder when 12563 is divided by 174?
35
Calculate the remainder when 7965 is divided by 860.
225
What is the remainder when 8147 is divided by 314?
297
What is the remainder when 316626 is divided by 9?
6
Calculate the remainder when 46724 is divided by 623.
622
Calculate the remainder when 2598 is divided by 322.
22
What is the remainder when 2180 is divided by 2157?
23
Calculate the remainder when 29295 is divided by 120.
15
Calculate the remainder when 6327 is divided by 2106.
9
Calculate the remainder when 699097 is divided by 95.
87
Calculate the remainder when 75800 is divided by 1759.
163
Calculate the remainder when 8555 is divided by 49.
29
Calculate the remainder when 162281 is divided by 14740.
141
Calculate the remainder when 17052 is divided by 69.
9
What is the remainder when 47670 is divided by 62?
54
Calculate the remainder when 27122 is divided by 9017.
71
What is the remainder when 22845 is divided by 7613?
6
Calculate the remainder when 7411 is divided by 19.
1
Calculate the remainder when 57450 is divided by 55.
30
What is the remainder when 9786 is divided by 363?
348
What is the remainder when 2813 is divided by 305?
68
What is the remainder when 52648 is divided by 18?
16
What is the remainder when 8666 is divided by 103?
14
Calculate the remainder when 23191 is divided by 3.
1
What is the remainder when 11576 is divided by 313?
308
What is the remainder when 13171 is divided by 140?
11
What is the remainder when 8516 is divided by 2831?
23
Calculate the remainder when 83167 is divided by 20709.
331
Calculate the remainder when 18257 is divided by 154.
85
Calculate the remainder when 9017 is divided by 58.
27
What is the remainder when 1671283 is divided by 289?
285
Calculate the remainder when 26949 is divided by 77.
76
Calculate the remainder when 20368 is divided by 1074.
1036
What is the remainder when 2210 is divided by 954?
302
What is the remainder when 93718 is divided by 455?
443
What is the remainder when 357016 is divided by 379?
377
Calculate the remainder when 9202 is divided by 31.
26
What is the remainder when 524 is divided by 370?
154
What is the remainder when 8144 is divided by 476?
52
Calculate the remainder when 240613 is divided by 60150.
13
Calculate the remainder when 9124 is divided by 2970.
214
What is the remainder when 19898 is divided by 11?
10
Calculate the remainder when 3412 is divided by 19.
11
Calculate the remainder when 4322881 is divided by 61.
55
What is the remainder when 14509 is divided by 89?
2
What is the remainder when 22154 is divided by 60?
14
What is the remainder when 13380 is divided by 1672?
4
What is the remainder when 10524 is divided by 5257?
10
What is the remainder when 42177 is divided by 10?
7
What is the remainder when 5031 is divided by 167?
21
What is the remainder when 10143 is divided by 597?
591
Calculate the remainder when 256964 is divided by 16.
4
What is the remainder when 20891 is divided by 25?
16
What is the remainder when 4949 is divided by 611?
61
What is the remainder when 3952 is divided by 356?
36
Calculate the remainder when 61828 is divided by 9.
7
What is the remainder when 96 is divided by 14?
12
What is the remainder when 22630 is divided by 471?
22
Calculate the remainder when 7140 is divided by 351.
120
What is the remainder when 3801 is divided by 1007?
780
What is the remainder when 2781 is divided by 1382?
17
Calculate the remainder when 604 is divided by 30.
4
What is the remainder when 9701 is divided by 7?
6
Calculate the remainder when 4300 is divided by 427.
30
What is the remainder when 2235085 is divided by 7?
6
What is the remainder when 180493 is divided by 58?
55
Calculate the remainder when 3552 is divided by 1181.
9
What is the remainder when 37358 is divided by 211?
11
What is the remainder when 27271 is divided by 486?
55
What is the remainder when 4779 is divided by 398?
3
Calculate the remainder when 56720 is divided by 9.
2
Calculate the remainder when 287082 is divided by 14.
12
What is the remainder when 3302918 is divided by 57?
53
What is the remainder when 8871 is divided by 972?
123
What is the remainder when 1259615 is divided by 2943?
11
Calculate the remainder when 5599 is divided by 295.
289
Calculate the remainder when 14011 is divided by 68.
3
Calculate the remainder when 155272 is divided by 6.
4
What is the remainder when 421645 is divided by 50?
45
What is the remainder when 3679 is divided by 996?
691
What is the remainder when 16650 is divided by 16645?
5
Calculate the remainder when 1586 is divided 